{"id":768,"date":"2022-02-19T23:44:44","date_gmt":"2022-02-19T21:44:44","guid":{"rendered":"http:\/\/segelfliegen-hersbruck.de\/?page_id=768"},"modified":"2022-02-20T00:30:54","modified_gmt":"2022-02-19T22:30:54","slug":"sport","status":"publish","type":"page","link":"https:\/\/segelfliegen-hersbruck.de\/?page_id=768","title":{"rendered":"Sport"},"content":{"rendered":"<p><img loading=\"lazy\" decoding=\"async\" class=\"alignnone size-full wp-image-770\" src=\"https:\/\/segelfliegen-hersbruck.de\/wp-content\/uploads\/2022\/02\/sport1-800.jpg\" alt=\"\" width=\"800\" height=\"389\" srcset=\"https:\/\/segelfliegen-hersbruck.de\/wp-content\/uploads\/2022\/02\/sport1-800.jpg 800w, https:\/\/segelfliegen-hersbruck.de\/wp-content\/uploads\/2022\/02\/sport1-800-300x146.jpg 300w, https:\/\/segelfliegen-hersbruck.de\/wp-content\/uploads\/2022\/02\/sport1-800-768x373.jpg 768w\" sizes=\"auto, (max-width: 800px) 100vw, 800px\" \/><\/p>\n<p>Segelfliegen ist ein Leistungssport, der hohe Anforderungen an K\u00f6rper und Geist stellt. Die Herausforderung ist dabei, m\u00f6glichst weit zu fliegen und am Ende wieder am Startort zu landen. So kommt es darauf an, so effizient wie m\u00f6glich mit der Energie umzugehen, die uns die Natur bietet. Es ist immer wieder faszinierend, welche Kr\u00e4fte in der Atmosph\u00e4re wirken und wie man sie mit einem modernen Segelflugzeug zu Fl\u00fcgen \u00fcber hunderte Kilometer ohne Motor ausnutzen kann.<br \/>\nUm die Fl\u00fcge dokumentieren zu k\u00f6nnen, sind alle Segelflugzeuge mit Datenloggern ausgestattet, die f\u00e4lschungssicher jede Bewegung dreidimensional aufzeichnen. Die dabei gewonnen Daten werden nach der Landung im sogenannten <a href=\"https:\/\/www.onlinecontest.org\/\" target=\"_blank\" rel=\"noopener\">Online Contest<\/a> gemeldet und automatisch ausgewertet. Der OLC ist die weltweit gr\u00f6\u00dfte Plattform f\u00fcr den Segelflugsport. Dabei ist er seit 20 Jahren komplett ehrenamtlich und gemeinn\u00fctzig organisiert. Segelfliegerinnen und Segelflieger auf allen Kontinenten nutzen die verschiedensten Wettbewerbe, die \u00fcber das System angeboten werden.<\/p>\n<p>F\u00fcr den Segelflugsport in Hersbruck sind nicht nur die gro\u00dfen und weiten Fl\u00fcge relevant. Um weit fliegen zu k\u00f6nnen, ist es n\u00e4mlich auch wichtig, schnell voran zu kommen. \u00c4hnlich wie beim Radsport wird in einem l\u00e4ngeren Streckenflug auch eine Sprintwertung genommen. Auf diesem Prinzip beruht die Segelflug-Bundesliga, in deren ersten bzw. zweiten Liga sich die Luftsportgemeinschaft Hersbruck seit 2005 ohne Unterbrechung gegen wesentlich gr\u00f6\u00dfere Vereine aus ganz Deutschland behaupten kann.<\/p>\n<p>Der OLC ist auch eine riesige Datenbank mit Millionen von Fl\u00fcgen, die weltweit absolviert wurden.<\/p>\n<p>F\u00fcr uns sind nat\u00fcrlich unsere eigenen Fl\u00fcge besonders interessant:<\/p>\n<p>Beim Klick auf das Bild finden Sie die besten 500 Fl\u00fcge, die Mitglieder der LSG Hersbruck e.V. vom Segelfluggel\u00e4nde Hersbruck gestartet haben:<\/p>\n<p><a href=\"https:\/\/www.onlinecontest.org\/olc-3.0\/gliding\/finder.html?aa=HERSB1&amp;cc=619&amp;sedte=-1&amp;st=olc&amp;sdt=&amp;c=C0&amp;mp=0&amp;d-1987472-p=1&amp;ap=&amp;filter=&amp;sedts=-1&amp;edt=&amp;pi=\" target=\"_blank\" rel=\"noopener\"><img loading=\"lazy\" decoding=\"async\" class=\"alignnone wp-image-772 size-full\" src=\"https:\/\/segelfliegen-hersbruck.de\/wp-content\/uploads\/2022\/02\/sport2-800.jpg\" alt=\"\" width=\"800\" height=\"408\" srcset=\"https:\/\/segelfliegen-hersbruck.de\/wp-content\/uploads\/2022\/02\/sport2-800.jpg 800w, https:\/\/segelfliegen-hersbruck.de\/wp-content\/uploads\/2022\/02\/sport2-800-300x153.jpg 300w, https:\/\/segelfliegen-hersbruck.de\/wp-content\/uploads\/2022\/02\/sport2-800-768x392.jpg 768w\" sizes=\"auto, (max-width: 800px) 100vw, 800px\" \/><\/a><\/p>\n<p>Manchmal starten wir auch von anderen Flugpl\u00e4tzen \u2013 auch in anderen L\u00e4ndern und Kontinenten:<\/p>\n<p><a href=\"https:\/\/www.onlinecontest.org\/olc-3.0\/gliding\/finder.html?aa=&amp;cc=619&amp;sedte=-1&amp;st=olc&amp;sdt=&amp;c=C0&amp;mp=0&amp;d-1987472-p=1&amp;ap=&amp;filter=&amp;sedts=-1&amp;edt=&amp;pi=\" target=\"_blank\" rel=\"noopener\"><img loading=\"lazy\" decoding=\"async\" class=\"alignnone wp-image-773 size-full\" src=\"https:\/\/segelfliegen-hersbruck.de\/wp-content\/uploads\/2022\/02\/sport3-800.jpg\" alt=\"\" width=\"800\" height=\"407\" srcset=\"https:\/\/segelfliegen-hersbruck.de\/wp-content\/uploads\/2022\/02\/sport3-800.jpg 800w, https:\/\/segelfliegen-hersbruck.de\/wp-content\/uploads\/2022\/02\/sport3-800-300x153.jpg 300w, https:\/\/segelfliegen-hersbruck.de\/wp-content\/uploads\/2022\/02\/sport3-800-768x391.jpg 768w\" sizes=\"auto, (max-width: 800px) 100vw, 800px\" \/><\/a><\/p>\n<p>Die Segelflugbundesliga motiviert uns \u00fcber die gesamte Saison, auch bei weniger gutem Wetter zu fliegen und uns gegen\u00fcber der Konkurrenz zu behaupten. Jede der 19 Wochenendrunden bietet das Potential, wertvolle Punkte zu sammeln. Gerade die weniger guten Wetterlagen haben in der Vergangenheit immer wieder ordentlich Punkte geliefert, wenn andere Vereine nicht in die G\u00e4nge gekommen sind. Es z\u00e4hlen immer die drei besten (schnellsten) Fl\u00fcge eines Vereines je Wochenende.<\/p>\n<p>Die Tabelle am Ende der Saison 2021, die auf Grund von Corona auf 15 Runden verk\u00fcrzt war, sieht f\u00fcr Hersbruck gar nicht so schlecht aus:<\/p>\n<p><a href=\"https:\/\/www.onlinecontest.org\/olc-3.0\/gliding\/league.html?st=olc-league&amp;rt=olc&amp;c=DE&amp;ltp=second&amp;sc=&amp;r=total&amp;sp=2021\" target=\"_blank\" rel=\"noopener\"><img loading=\"lazy\" decoding=\"async\" class=\"alignnone wp-image-783 size-full\" src=\"https:\/\/segelfliegen-hersbruck.de\/wp-content\/uploads\/2022\/02\/sport4-800.jpg\" alt=\"\" width=\"800\" height=\"390\" srcset=\"https:\/\/segelfliegen-hersbruck.de\/wp-content\/uploads\/2022\/02\/sport4-800.jpg 800w, https:\/\/segelfliegen-hersbruck.de\/wp-content\/uploads\/2022\/02\/sport4-800-300x146.jpg 300w, https:\/\/segelfliegen-hersbruck.de\/wp-content\/uploads\/2022\/02\/sport4-800-768x374.jpg 768w\" sizes=\"auto, (max-width: 800px) 100vw, 800px\" \/><\/a><\/p>\n","protected":false},"excerpt":{"rendered":"<p>Segelfliegen ist ein Leistungssport, der hohe Anforderungen an K\u00f6rper und Geist stellt. Die Herausforderung ist dabei, m\u00f6glichst weit zu fliegen und am Ende wieder am Startort zu landen. So kommt es darauf an, so effizient wie m\u00f6glich mit der Energie<\/p>\n","protected":false},"author":1,"featured_media":0,"parent":0,"menu_order":0,"comment_status":"closed","ping_status":"closed","template":"","meta":{"footnotes":""},"class_list":["post-768","page","type-page","status-publish","hentry"],"_links":{"self":[{"href":"https:\/\/segelfliegen-hersbruck.de\/index.php?rest_route=\/wp\/v2\/pages\/768","targetHints":{"allow":["GET"]}}],"collection":[{"href":"https:\/\/segelfliegen-hersbruck.de\/index.php?rest_route=\/wp\/v2\/pages"}],"about":[{"href":"https:\/\/segelfliegen-hersbruck.de\/index.php?rest_route=\/wp\/v2\/types\/page"}],"author":[{"embeddable":true,"href":"https:\/\/segelfliegen-hersbruck.de\/index.php?rest_route=\/wp\/v2\/users\/1"}],"replies":[{"embeddable":true,"href":"https:\/\/segelfliegen-hersbruck.de\/index.php?rest_route=%2Fwp%2Fv2%2Fcomments&post=768"}],"version-history":[{"count":14,"href":"https:\/\/segelfliegen-hersbruck.de\/index.php?rest_route=\/wp\/v2\/pages\/768\/revisions"}],"predecessor-version":[{"id":787,"href":"https:\/\/segelfliegen-hersbruck.de\/index.php?rest_route=\/wp\/v2\/pages\/768\/revisions\/787"}],"wp:attachment":[{"href":"https:\/\/segelfliegen-hersbruck.de\/index.php?rest_route=%2Fwp%2Fv2%2Fmedia&parent=768"}],"curies":[{"name":"wp","href":"https:\/\/api.w.org\/{rel}","templated":true}]}}