{"id":47,"date":"2018-05-08T20:34:35","date_gmt":"2018-05-08T20:34:35","guid":{"rendered":"http:\/\/wp.segelfliegen-hersbruck.de\/?page_id=47"},"modified":"2024-06-14T14:32:59","modified_gmt":"2024-06-14T12:32:59","slug":"flugplatz","status":"publish","type":"page","link":"https:\/\/segelfliegen-hersbruck.de\/?page_id=47","title":{"rendered":"Flugplatz"},"content":{"rendered":"<figure id=\"attachment_173\" aria-describedby=\"caption-attachment-173\" style=\"width: 750px\" class=\"wp-caption alignnone\"><a href=\"https:\/\/segelfliegen-hersbruck.de\/wp-content\/uploads\/2018\/05\/DSC_8510-1-1800.jpg\"><img loading=\"lazy\" decoding=\"async\" class=\"wp-image-173 size-large\" src=\"https:\/\/segelfliegen-hersbruck.de\/wp-content\/uploads\/2018\/05\/DSC_8510-1-1800-1024x648.jpg\" alt=\"Segelfluggel\u00e4nde Hersbruck\" width=\"750\" height=\"475\" srcset=\"https:\/\/segelfliegen-hersbruck.de\/wp-content\/uploads\/2018\/05\/DSC_8510-1-1800-1024x648.jpg 1024w, https:\/\/segelfliegen-hersbruck.de\/wp-content\/uploads\/2018\/05\/DSC_8510-1-1800-300x190.jpg 300w, https:\/\/segelfliegen-hersbruck.de\/wp-content\/uploads\/2018\/05\/DSC_8510-1-1800-768x486.jpg 768w, https:\/\/segelfliegen-hersbruck.de\/wp-content\/uploads\/2018\/05\/DSC_8510-1-1800.jpg 1800w\" sizes=\"auto, (max-width: 750px) 100vw, 750px\" \/><\/a><figcaption id=\"caption-attachment-173\" class=\"wp-caption-text\">Das Segelfluggel\u00e4nde Hersbruck<\/figcaption><\/figure>\n<p>Das Segelfluggel\u00e4nde Hersbruck liegt etwa 25 km \u00f6stlich des N\u00fcrnberger Flughafens mitten in der sch\u00f6nen und thermikreichen Fr\u00e4nkischen Schweiz. Der Platz befindet sich zwischen dem \u00f6stlichen Stadtrand von Hersbruck und einem kleinen Badesee in den Pegnitzauen.<\/p>\n<p>Anfahrt mit dem Auto:<br \/>\nMit dem Auto sind wir \u00fcber die Bundesstra\u00dfe 14 und der Ausfahrt Hersbruck-S\u00fcd erreichbar.<\/p>\n<p>Anfahrt mit der Bahn:<br \/>\nRegionalbahn (Bahnhof Hersbruck rechts der Pegnitz, ca. 20 Minuten Fu\u00dfweg)<br \/>\nS-Bahn (Bahnhof Hersbruck links der Pegnitz, ca. 10 Minuten Fu\u00dfweg)<\/p>\n<p>Flugplatzbezugspunkt: 11.27.04 Ost \/ 49.30.30 Nord<br \/>\nELEV: 1109 ft \/ 338 m<br \/>\nFrequenz: 123,685 MHz (&#8222;Hersbruck-Radio&#8220;)<br \/>\nTelefon Flugleitung: +49 176 32128604<\/p>\n<p><iframe loading=\"lazy\" style=\"border: 1px solid black;\" src=\"https:\/\/www.openstreetmap.org\/export\/embed.html?bbox=11.417798995971681%2C49.49391500480247%2C11.471443176269533%2C49.51626545087504&amp;layer=mapnik&amp;marker=49.50509150409833%2C11.444621086120605\" width=\"425\" height=\"350\" frameborder=\"0\" marginwidth=\"0\" marginheight=\"0\" scrolling=\"no\"><\/iframe><br \/>\n<small><a href=\"https:\/\/www.openstreetmap.org\/?mlat=49.5051&amp;mlon=11.4446#map=15\/49.5051\/11.4446\">Gr\u00f6\u00dfere Karte anzeigen<\/a><\/small><\/p>\n<p>&nbsp;<\/p>\n","protected":false},"excerpt":{"rendered":"<p>Das Segelfluggel\u00e4nde Hersbruck liegt etwa 25 km \u00f6stlich des N\u00fcrnberger Flughafens mitten in der sch\u00f6nen und thermikreichen Fr\u00e4nkischen Schweiz. Der Platz befindet sich zwischen dem \u00f6stlichen Stadtrand von Hersbruck und einem kleinen Badesee in den Pegnitzauen. Anfahrt mit dem Auto:<\/p>\n","protected":false},"author":1,"featured_media":0,"parent":0,"menu_order":0,"comment_status":"closed","ping_status":"closed","template":"","meta":{"footnotes":""},"class_list":["post-47","page","type-page","status-publish","hentry"],"_links":{"self":[{"href":"https:\/\/segelfliegen-hersbruck.de\/index.php?rest_route=\/wp\/v2\/pages\/47","targetHints":{"allow":["GET"]}}],"collection":[{"href":"https:\/\/segelfliegen-hersbruck.de\/index.php?rest_route=\/wp\/v2\/pages"}],"about":[{"href":"https:\/\/segelfliegen-hersbruck.de\/index.php?rest_route=\/wp\/v2\/types\/page"}],"author":[{"embeddable":true,"href":"https:\/\/segelfliegen-hersbruck.de\/index.php?rest_route=\/wp\/v2\/users\/1"}],"replies":[{"embeddable":true,"href":"https:\/\/segelfliegen-hersbruck.de\/index.php?rest_route=%2Fwp%2Fv2%2Fcomments&post=47"}],"version-history":[{"count":16,"href":"https:\/\/segelfliegen-hersbruck.de\/index.php?rest_route=\/wp\/v2\/pages\/47\/revisions"}],"predecessor-version":[{"id":980,"href":"https:\/\/segelfliegen-hersbruck.de\/index.php?rest_route=\/wp\/v2\/pages\/47\/revisions\/980"}],"wp:attachment":[{"href":"https:\/\/segelfliegen-hersbruck.de\/index.php?rest_route=%2Fwp%2Fv2%2Fmedia&parent=47"}],"curies":[{"name":"wp","href":"https:\/\/api.w.org\/{rel}","templated":true}]}}